{"id":7079,"date":"2013-11-13T16:30:11","date_gmt":"2013-11-13T15:30:11","guid":{"rendered":"http:\/\/www.ranasstall.se\/?page_id=7079"},"modified":"2023-10-24T07:02:17","modified_gmt":"2023-10-24T06:02:17","slug":"hastleasing","status":"publish","type":"page","link":"https:\/\/www.ranasstall.se\/?page_id=7079","title":{"rendered":"H\u00e4stleasing"},"content":{"rendered":"<p>En del av h\u00e4starna och\u00a0 ponnyerna p\u00e5 R\u00e5n\u00e4s \u00e4r inte till salu, utan g\u00e5r som leasingh\u00e4star.<\/p>\n<p>Under 2023 finns inga h\u00e4star f\u00f6r leasing.<\/p>\n<p>Just nu (2022) finns det inga ponnyer f\u00f6r leasing, men det finns en stor h\u00e4st, utbildad Msv B.<\/p>\n<p><strong><span style=\"color: #3366ff;\">Just nu finns tv\u00e5 v\u00e4lutbildade D-ponnyer f\u00f6r leasing. De ska just nu inte flytta fr\u00e5n R\u00e5n\u00e4s. April 2021.<\/span><\/strong><\/p>\n<p><a href=\"https:\/\/www.ranasstall.se\/wp-content\/uploads\/IMG_6090.jpg\"><img loading=\"lazy\" decoding=\"async\" class=\"alignleft size-medium wp-image-13717\" src=\"https:\/\/www.ranasstall.se\/wp-content\/uploads\/IMG_6090-237x300.jpg\" alt=\"IMG_6090\" width=\"237\" height=\"300\" srcset=\"https:\/\/www.ranasstall.se\/wp-content\/uploads\/IMG_6090-237x300.jpg 237w, https:\/\/www.ranasstall.se\/wp-content\/uploads\/IMG_6090-810x1024.jpg 810w, https:\/\/www.ranasstall.se\/wp-content\/uploads\/IMG_6090.jpg 1015w\" sizes=\"auto, (max-width: 237px) 100vw, 237px\" \/><\/a><\/p>\n<p>Det betyder att de \u00e4gs av R\u00e5n\u00e4s Stall men rids, \u00a0tr\u00e4nas och t\u00e4vlas av en leasingtagare. Just nu finns det begr\u00e4nsat antal h\u00e4star och ponnyer tillg\u00e4ngliga f\u00f6r leasing.<\/p>\n<p>Vill du tr\u00e4na och t\u00e4vla har du stora m\u00f6jligheter att f\u00e5 g\u00f6ra det h\u00e4r. Tr\u00e4ningsutbudet \u00e4r stort och du har stora m\u00f6jligheter att utveckla dig i din ridning. F\u00f6r den med h\u00f6ga ambitioner finns m\u00f6jlghet att rida SM.<\/p>\n<p>Det finns fina ridv\u00e4gar h\u00e4romkring och man m\u00e5ste inte ha t\u00e4vlingsambitioner f\u00f6r att leasa en h\u00e4st h\u00e4r, kanske vill du bara ha en v\u00e4lutbildad h\u00e4st att rida ut p\u00e5 en eller ett par dagar i veckan.<\/p>\n<p>Det vanligaste \u00e4r att h\u00e4starna st\u00e5r kvar h\u00e4r p\u00e5 R\u00e5n\u00e4s, men andra \u00f6verenskommelser finns.<\/p>\n<p>Att leasa en h\u00e4st fr\u00e5n R\u00e5n\u00e4s kan vara ett bra s\u00e4tt f\u00f6r ponnyfamiljer att f\u00e5 tillg\u00e5ng till en bra ponny utan att beh\u00f6va binda kapital i ett k\u00f6p. Familjen slipper \u00e4ven hela f\u00f6rs\u00e4ljngsf\u00f6rfarandet n\u00e4r ponnytiden \u00e4r \u00f6ver. Ni f\u00e5r hj\u00e4lp med att prova ut en l\u00e4mplig ponny. Det \u00e4r mycket viktigt att ponny och ryttare passar ihop.<\/p>\n<p>Man m\u00e5ste inte leasa en ponny p\u00e5 heltid. Bella, h\u00e4r p\u00e5 Jambo, leasar honom tv\u00e5 dagar i veckan.<\/p>\n<p><a href=\"https:\/\/www.ranasstall.se\/wp-content\/uploads\/IMG_6153.jpg\"><img loading=\"lazy\" decoding=\"async\" class=\"alignleft size-medium wp-image-13635\" src=\"https:\/\/www.ranasstall.se\/wp-content\/uploads\/IMG_6153-300x300.jpg\" alt=\"IMG_6153\" width=\"300\" height=\"300\" srcset=\"https:\/\/www.ranasstall.se\/wp-content\/uploads\/IMG_6153-300x300.jpg 300w, https:\/\/www.ranasstall.se\/wp-content\/uploads\/IMG_6153-150x150.jpg 150w, https:\/\/www.ranasstall.se\/wp-content\/uploads\/IMG_6153-1024x1024.jpg 1024w, https:\/\/www.ranasstall.se\/wp-content\/uploads\/IMG_6153.jpg 1080w\" sizes=\"auto, (max-width: 300px) 100vw, 300px\" \/><\/a><\/p>\n<p>Just nu finns flera ponnyer tillg\u00e4ngliga f\u00f6r leasing ett par dagar i veckan.<\/p>\n<p><a href=\"https:\/\/www.ranasstall.se\/wp-content\/uploads\/IMG_74731.jpg\"><img loading=\"lazy\" decoding=\"async\" class=\"alignleft size-medium wp-image-7115\" src=\"https:\/\/www.ranasstall.se\/wp-content\/uploads\/IMG_74731-300x231.jpg\" alt=\"IMG_7473\" width=\"300\" height=\"231\" srcset=\"https:\/\/www.ranasstall.se\/wp-content\/uploads\/IMG_74731-300x231.jpg 300w, https:\/\/www.ranasstall.se\/wp-content\/uploads\/IMG_74731-1024x791.jpg 1024w, https:\/\/www.ranasstall.se\/wp-content\/uploads\/IMG_74731.jpg 1062w\" sizes=\"auto, (max-width: 300px) 100vw, 300px\" \/><\/a><\/p>\n<p>N\u00e4r du leasar en h\u00e4st p\u00e5 heltid betalar du en leasingavgift. Storleken \u00a0best\u00e4ms av \u00a0h\u00e4stens utbildningsst\u00e5ndpunkt och anv\u00e4ndningsomr\u00e5de. Sedan tillkommer kostnader f\u00f6r tr\u00e4ning, t\u00e4vling, uppstallning, veterin\u00e4r m.m. Vi skriver sj\u00e4lvklart ett kontrakt s\u00e5 det blir tydligt vad som g\u00e4ller.<\/p>\n<p>K\u00e4nner du dig nyfiken p\u00e5 att prova en leasingponny. H\u00f6r av dig till Pytt, s\u00e5 f\u00e5r vi se vad vi har som kan passa.<\/p>\n\n\n<p><\/p>\n","protected":false},"excerpt":{"rendered":"<p>En del av h\u00e4starna och\u00a0 ponnyerna p\u00e5 R\u00e5n\u00e4s \u00e4r inte till salu, utan g\u00e5r som leasingh\u00e4star. Under 2023 finns inga h\u00e4star f\u00f6r leasing. Just nu (2022) finns det inga ponnyer f\u00f6r leasing, men det finns en stor h\u00e4st, utbildad Msv B. Just nu finns tv\u00e5 v\u00e4lutbildade D-ponnyer f\u00f6r leasing. De ska just nu inte flytta [&hellip;]<\/p>\n","protected":false},"author":2,"featured_media":0,"parent":0,"menu_order":21,"comment_status":"closed","ping_status":"closed","template":"","meta":{"footnotes":""},"class_list":["post-7079","page","type-page","status-publish","hentry"],"_links":{"self":[{"href":"https:\/\/www.ranasstall.se\/index.php?rest_route=\/wp\/v2\/pages\/7079","targetHints":{"allow":["GET"]}}],"collection":[{"href":"https:\/\/www.ranasstall.se\/index.php?rest_route=\/wp\/v2\/pages"}],"about":[{"href":"https:\/\/www.ranasstall.se\/index.php?rest_route=\/wp\/v2\/types\/page"}],"author":[{"embeddable":true,"href":"https:\/\/www.ranasstall.se\/index.php?rest_route=\/wp\/v2\/users\/2"}],"replies":[{"embeddable":true,"href":"https:\/\/www.ranasstall.se\/index.php?rest_route=%2Fwp%2Fv2%2Fcomments&post=7079"}],"version-history":[{"count":19,"href":"https:\/\/www.ranasstall.se\/index.php?rest_route=\/wp\/v2\/pages\/7079\/revisions"}],"predecessor-version":[{"id":18093,"href":"https:\/\/www.ranasstall.se\/index.php?rest_route=\/wp\/v2\/pages\/7079\/revisions\/18093"}],"wp:attachment":[{"href":"https:\/\/www.ranasstall.se\/index.php?rest_route=%2Fwp%2Fv2%2Fmedia&parent=7079"}],"curies":[{"name":"wp","href":"https:\/\/api.w.org\/{rel}","templated":true}]}}