{"id":38,"date":"2009-02-21T16:04:35","date_gmt":"2009-02-21T15:04:35","guid":{"rendered":"http:\/\/new.ranasstall.se\/?page_id=38"},"modified":"2024-05-25T04:56:40","modified_gmt":"2024-05-25T03:56:40","slug":"traningar","status":"publish","type":"page","link":"https:\/\/www.ranasstall.se\/?page_id=38","title":{"rendered":"Tr\u00e4ningar"},"content":{"rendered":"<p>Det finns m\u00e5nga tillf\u00e4llen att tr\u00e4na p\u00e5 R\u00e5n\u00e4s stall. Du kan l\u00e4sa mer om tider p\u00e5 f\u00f6rsta sidan.<\/p>\n\n\n<p>En tr\u00e4ning p\u00e5 R\u00e5n\u00e4s f\u00f6r Pytt, faktureras enligt <\/p>\n\n\n\n<p>30 minuter 550 kr (inkl.moms)<\/p>\n\n\n\n<p>Tr\u00e4ningar p\u00e5 Foderby faktureras 30 min 600 kronor, inklusive moms.<\/p>\n\n\n\n<p>Pytt med p\u00e5 t\u00e4vling, regionala och lokala, faktureras med 800 kronor, inklusive moms. Bokas i samband med publiceringa av propositionen.<\/p>\n\n\n\n<p>Pytt med p\u00e5 nationella och internationella t\u00e4vlingar faktureras med 2500 kronor \/dygn, inklusive moms. Alla omkostnader s\u00e5som resa, uppeh\u00e4lle och mar betalda. Bokas innan varje t\u00e4vlingss\u00e4song.<\/p>\n\n\n\n<p><\/p>\n\n\n\n<p><\/p>\n","protected":false},"excerpt":{"rendered":"<p>Det finns m\u00e5nga tillf\u00e4llen att tr\u00e4na p\u00e5 R\u00e5n\u00e4s stall. Du kan l\u00e4sa mer om tider p\u00e5 f\u00f6rsta sidan. En tr\u00e4ning p\u00e5 R\u00e5n\u00e4s f\u00f6r Pytt, faktureras enligt 30 minuter 550 kr (inkl.moms) Tr\u00e4ningar p\u00e5 Foderby faktureras 30 min 600 kronor, inklusive moms. Pytt med p\u00e5 t\u00e4vling, regionala och lokala, faktureras med 800 kronor, inklusive moms. Bokas [&hellip;]<\/p>\n","protected":false},"author":3,"featured_media":0,"parent":0,"menu_order":60,"comment_status":"closed","ping_status":"closed","template":"","meta":{"footnotes":""},"class_list":["post-38","page","type-page","status-publish","hentry"],"_links":{"self":[{"href":"https:\/\/www.ranasstall.se\/index.php?rest_route=\/wp\/v2\/pages\/38","targetHints":{"allow":["GET"]}}],"collection":[{"href":"https:\/\/www.ranasstall.se\/index.php?rest_route=\/wp\/v2\/pages"}],"about":[{"href":"https:\/\/www.ranasstall.se\/index.php?rest_route=\/wp\/v2\/types\/page"}],"author":[{"embeddable":true,"href":"https:\/\/www.ranasstall.se\/index.php?rest_route=\/wp\/v2\/users\/3"}],"replies":[{"embeddable":true,"href":"https:\/\/www.ranasstall.se\/index.php?rest_route=%2Fwp%2Fv2%2Fcomments&post=38"}],"version-history":[{"count":10,"href":"https:\/\/www.ranasstall.se\/index.php?rest_route=\/wp\/v2\/pages\/38\/revisions"}],"predecessor-version":[{"id":18648,"href":"https:\/\/www.ranasstall.se\/index.php?rest_route=\/wp\/v2\/pages\/38\/revisions\/18648"}],"wp:attachment":[{"href":"https:\/\/www.ranasstall.se\/index.php?rest_route=%2Fwp%2Fv2%2Fmedia&parent=38"}],"curies":[{"name":"wp","href":"https:\/\/api.w.org\/{rel}","templated":true}]}}